 Is i a composite number?
False
Suppose -8*o + 12*o - 3280 = -2*n, -4*o = -n - 3274. Suppose 542 + o = c. Is c prime?
True
Suppose 2*j - 14499 = -3*t, -3*j - 4041 - 5612 = -2*t. Is t prime?
True
Suppose 4*k = -3*c + 105, -3*k + 4*k + 2*c - 25 = 0. Suppose 0 = 19*i - k*i + 9128. Is i composite?
True
Suppose 69071 = 22*x - 37695. Is x a composite number?
True
Let z be 99*(-2 - (-7 - -4)). Suppose -1877 = -7*u - z. Is u prime?
False
Suppose -7*g + 6*g = 6483. Let j = -4361 - g. Is j a composite number?
True
Suppose -2*c + 6591 = 7*j - 2*j, -4*j = 2*c - 5274. Let g = j + -268. Is g a prime number?
True
Let g(o) be the third derivative of 29/15*o**5 + 0*o + 5*o**2 + 0 - 1/12*o**4 - 1/6*o**3. Is g(-2) a prime number?
True
Suppose -4*h = 2*h - 4212. Let n = -401 + h. Is n a prime number?
False
Suppose -2*a = 5*i - 25, -2*a - 25 = -7*a. Let g(k) = k + 8*k**2 + 4*k**2 + 0 - 5*k**2 + 4*k**i - 3. Is g(5) a prime number?
True
Let o = 1502 + -529. Let s = o - 674. Suppose -8 = 3*y - s. Is y composite?
False
Suppose 8 = 2*j, -n + 0*n = -j - 175. Let z = -50 + n. Is z prime?
False
Is (285/(-9) + 7)*681/(-2) a composite number?
True
Let l = 68 + -25. Let v(t) = 10*t**2 + 16*t - 64. Let j be v(5). Let g = j - l. Is g composite?
False
Suppose 0 = 3*q + 12, -q = -6*k + 5*k + 6278. Is k prime?
False
Suppose b + 0*b - 4*z - 34275 = 0, -171421 = -5*b - 3*z. Is b a composite number?
False
Let u(a) = a**2 + a + 223. Let p(s) = -2*s**2 - 2*s - 446. Let j(v) = 2*p(v) + 5*u(v). Let g(m) = m**3 + 26*m**2 - 2*m - 52. Let q be g(-26). Is j(q) composite?
False
Let g(t) = -t. Let b be g(-6). Is b/(-3) + 383 - 0 prime?
False
Let y(v) be the second derivative of 5*v**4/6 - 5*v**3/6 + 2*v**2 - 8*v. Let p be y(4). Suppose 5*b + 4*h = 193, 2*b + p = 6*b - 2*h. Is b prime?
True
Is 26798 - 0 - (1 + (-12)/3) prime?
True
Let j(l) = 2*l**3 - 7*l**2 - 9*l + 9. Let i be j(6). Let u = 269 - i. Let z = 51 + u. Is z a prime number?
False
Suppose 144 = -0*t - 4*t. Let l be t*((-1)/2 + 0). Suppose l = f - 13. Is f prime?
True
Suppose -191*y = -201*y + 55070. Is y a prime number?
True
Let r = 12751 + -6828. Is r composite?
False
Let r(i) = 148*i**2 - 2*i - 19. Is r(-3) a composite number?
False
Let o(b) = b**2 + 9*b + 11. Let v be o(-10). Suppose v - 170 = -j. Is j prime?
True
Let y(c) be the third derivative of -c**6/120 + c**5/15 + c**4/4 + 5*c**3/6 - 7*c**2. Let k be y(5). Is (-6)/(-2) + (120 - k) a composite number?
False
Let y be (-53745)/(-12) + 3/(-4). Suppose -b = -y - 273. Is b a composite number?
False
Let y = 11 - 10. Let v be ((-2)/5)/(y/(-45)). Let f = v + 69. Is f prime?
False
Let k(z) = 60*z - 469. Is k(11) a prime number?
True
Let s = -5 + 9. Suppose -g - 2*g - 877 = -4*h, -s*g - 1095 = -5*h. Is h composite?
False
Suppose 0 = -10*p + 11*p + 39. Is (-87873)/p - 14/91 composite?
True
Suppose -x = -4*x + 12. Suppose 3*u - 5*b = 685, 2*b - 928 = -x*u + 5*b. Is u a prime number?
False
Is 0 + 0 + 314/5*5 a prime number?
False
Let n(c) = -c - 10. Let f be n(-7). Let r be 1158*1 - (-9)/f. Is -3 - (r/1)/(-3) prime?
False
Let o(l) be the second derivative of -l**5/20 - l**4/4 + l**3/3 - l**2/2 + 4*l. Let t be o(-4). Suppose -345 = -t*w + 2*w. Is w a composite number?
True
Suppose -2*x - 9465 = -3*h, 15*x + 15775 = 5*h + 17*x. Is h composite?
True
Suppose 215 = -4*f - 5*b, -48 = 2*f + b + 67. Is (-40612)/f + 4/30 a composite number?
False
Let h = 38244 + -17437. Is h a composite number?
False
Let n(f) = 2*f**3 - f**2 - 2. Let g be n(-2). Let s = g + 25. Suppose -s*b + 19 = -20. Is b composite?
False
Suppose -12 = 4*y, -4*n + 2*y + 278 + 2504 = 0. Suppose -2*i + 5*z + n = 0, 0 = -6*i + 3*i - 4*z + 1041. Is i a composite number?
False
Let y(m) = 2*m**3 + 3*m**2 + 6*m + 14. Is y(7) composite?
True
Let p(l) = 4*l**2 - l - 2. Let k be p(3). Suppose -g + 59 = -k. Suppose -z - g - 1416 = -5*b, 3*z - 1502 = -5*b. Is b a composite number?
True
Let f = 10 - 16. Let d be 4/f - 6/(-9). Suppose -2*u + u + 641 = d. Is u prime?
True
Let r(w) = -w**3 + 2*w**2 + 1. Let n = -16 - -18. Let z be r(n). Is z/(2/(2696/4)) a composite number?
False
Let d = -252 + 719. Is d prime?
True
Suppose -q = 3*q - 28. Suppose q*o = 6*o + 1150. Is (-4 - -1)/(-3) + o a composite number?
False
Suppose 28 = -5*n + 9*n. Let o be (-275)/77 + (-3)/n. Is 2*921*o/(-24) composite?
False
Suppose 5*v - 33 = 7. Let c = 4 - 6. Is v/(-8)*(c + -233) composite?
True
Suppose -7*k + 60 = -3*k. Is 19669/255 + (-2)/k composite?
True
Suppose -17*z = -23*z + 32934. Is z prime?
False
Let g(c) = 3*c**2 + c + 1. Let x be g(-1). Let k(j) = 10*j - 7. Is k(x) prime?
True
Let b be (0 + 1 + -3)*-6. Let t be (9 - 0)*200/b. Let l = t + 229. Is l a prime number?
True
Let c(k) = -k**3 + 2*k**2 + k. Let r be c(2). Suppose -4*m + 3*t + 1028 = 6*t, r*m = -3*t + 514. Is m composite?
False
Let s = -2389 + 14048. Is s prime?
False
Let a(n) = -445*n**2 + 2*n + 1. Let u(i) = i**2 - i - 7. Let z be u(3). Let c be a(z). Is (c/4)/((-4)/8) composite?
False
Let d(k) = -12*k - 118. Let f be d(-10). Let s(o) = 3*o + 2. Let m be s(4). Suppose m = f*h - 56. Is h prime?
False
Suppose -24*u = -21*u - 6. Suppose 2*h + 4*x = 13673 - 3151, -26353 = -5*h + u*x. Is h composite?
True
Suppose 16*q = 14*q. Suppose q = -3*y + y + 44. Is y a composite number?
True
Let u = 26 - 24. Suppose -3*g - 223 = u*i - 614, 4*g + i = 513. Is g composite?
False
Suppose c - 2326 + 11400 = 5*f, 0 = -4*f + 2*c + 7264. Is f a prime number?
False
Let b(w) = -w**2 + w + 469. Let u(l) = l**2 - 4*l - 3. Let c be u(5). Let z be 0/(c - (-1 + 1)). Is b(z) a prime number?
False
Suppose 0 = 9*u - 5*u. Is (-127)/(0 + -3 + u + 2) a composite number?
False
Suppose -24*j + 1237028 = 28*j. Is j a composite number?
False
Suppose 3*v - 26 = -4*w - 0*v, 5*w + 5*v = 35. Let m(y) = -11*y**2 - 8*y + 5. Let h(g) = -5*g**2 - 4*g + 2. Let l(f) = -5*h(f) + 2*m(f). Is l(w) prime?
False
Let k = -17 + 19. Suppose 0 = 4*u + 5*s - 94, -6*u + k*u + s = -82. Is u prime?
False
Suppose 3365 + 10484 = 11*b. Is b a composite number?
False
Let n = -18 - -27. Suppose n + 6 = 5*p. Let j(g) = 24*g**2 - 3*g - 2. Is j(p) a composite number?
True
Let w be (3 + -2)*-4*-2. Suppose 0 = t + t - w. Suppose o + 4*y = 3*y + 214, -847 = -t*o - y. Is o a prime number?
True
Let g = 347 - 724. Let z(n) = -12*n**2 - 12*n + 32. Let q be z(7). Let i = g - q. Is i composite?
False
Let c be (-2)/13 + (-2 - (-20704)/52). Suppose 195 = m + 3*y, 5*y = -2*m + 2*y + c. Is m prime?
False
Suppose 3*t - 3 = 0, 7*m - 2*m - 5*t - 4190 = 0. Is m a prime number?
True
Suppose 11079 = 40*m - 39841. Is m a prime number?
False
Let b = 55 - 52. Suppose b = 5*l - 22, 3291 = s + 4*l. Is s composite?
False
Suppose -3*t = -2*v + 5039, -6*t - 12599 = -v - 4*v. Is v composite?
False
Let g be 1 - (-2 + 157)*9. Is g/(-6) + (-10)/(-15) a prime number?
True
Let o be (20/5 - 4)/(-1). Suppose f - 4475 = -5*l + 2*f, -5*f = o. Is l composite?
True
Is (-1)/(-4 - -8)*-4 + 586 a prime number?
True
Suppose 2*r - h - h + 5370 = 0, -5*r = -h + 13409. Let g = -1632 - r. Is g composite?
False
Suppose 12*y - 20 = 10*y. Let s be y/(-15) + 7453/(-3). Is s/(-30) + 1/6 a composite number?
False
Let b = 664 - 317. Suppose -4*y + b + 0 = -3*r, 0 = -5*y - r + 410. Is y a composite number?
False
Let z be (-6)/(-2) - (8 + 0). Let f(q) = -2*q - 6. Let x be f(z). Suppose 212 = x*l + 2*h, 3*h = 2*l - 31 - 59. Is l a composite number?
True
Let p(i) = 3*i**2 - 12*i - 19. Let j(g) = -g**2 - g + 1. Let s(m) = -2*j(m) - p(m). Let x be s(21). Is 4/26 - 57830/x composite?
True
Suppose 0 = -3*k - 69*a + 67*a + 38675, 5*a - 25776 = -2*k. Is k a composite number?
False
Let g = 9129 - 2356. Is g a composite number?
True
Suppose -7*y - 11 = 73. Let t = y - -11. Is t + 0 + 4 - -16 prime?
True
Let l(o) be the third derivative of o**6/120 - o**5/12 + o**4/6 + o**3/3 + o**2. Let q be l(4). Suppose q*d = 4*r + 352, 0 = -4*d - 3*r + 530 + 119. Is d prime?
False
Suppose -620 = -15*u + 34375. Is u - (-2 + (2 - 2)) a prime number?
False
Suppose 470146 = 41*r - 115867. Is r composite?
False
Suppose 3*v = 4*w + 484, 0*w = 3*w + 3*v + 363. Is (-2)/(-6)*(-28 - w) prime?
True
Suppose 0 = 51*i - 48*i - 6333. Is i a prime number?
True
Suppose -25 = -a + 5*u, 4*u + 9 = -7. Suppose 4*l + 0*l - p + 15 = 0, 0 = p + a. Let k = l - -7. I